 - 8, 0 = 3*l + j - 16. Let p = -378 + 395. What is the remainder when p is divided by l?
1
Let k(j) = 4*j + 88. Let t = -2 + 1. What is the remainder when (-45)/(t - 0/2) is divided by k(-19)?
9
Suppose 91 - 77 = u. Calculate the remainder when 334 is divided by u.
12
Let p(v) = v**3 - 10*v**2 + 12*v - 25. Let t be -4*2*(0 + 1). Let a = 15 + t. What is the remainder when a is divided by p(9)?
1
Let i(q) = 35*q + 2. Suppose 0 = 8*b - 159 + 71. What is the remainder when i(1) is divided by b?
4
Suppose g = -2*w + 15, w = 5*g - w - 27. Let j(o) = -o**2 + 5*o + 5. Let v be j(7). Let p = v - -13. What is the remainder when g is divided by p?
3
Let t(s) = 2 + s**2 + 0*s**2 + 0. Calculate the remainder when t(-3) is divided by 4*(-2 + -2 + 3)/(-1).
3
Let g = 36 + -48. Calculate the remainder when (g/9)/(12/(-342)) is divided by 13.
12
Let g = 29 + -24. Suppose 242 = g*p - 3*p. Calculate the remainder when p is divided by 31.
28
Let a = -13 + 17. Suppose 0 = -2*r + 3*j + 27, 0*r - 2*r + a*j = -32. What is the remainder when 1*(r/3 - -33) is divided by 19?
16
Suppose 10*p - 207 = 7*p. Suppose 0 = 5*o - p - 176. What is the remainder when o is divided by 25?
24
Let p(n) = n**3 - 7*n**2 + 8*n - 3. Let b be p(6). Suppose -2*o + 19 + b = 0. Let k(a) = 2*a**2 + 4*a - 5. What is the remainder when k(-5) is divided by o?
11
Let s = 16932 + -16906. Suppose 4*a = 461 - 69. Calculate the remainder when a is divided by s.
20
Let t = -16 + 19. Suppose t*n + 8 - 29 = 0. Suppose -230 = l - 6*l. Calculate the remainder when l is divided by n.
4
Let n(z) = z + 12. Let m be n(-17). Let r(k) = k**3 + 5*k**2 - 3*k + 9. Calculate the remainder when ((-40)/6)/(8/(-84)) is divided by r(m).
22
Let a(m) = -18*m + 128. Calculate the remainder when 52 is divided by a(6).
12
Suppose 2*q - 450 + 422 = 0. Calculate the remainder when 643 is divided by q.
13
What is the remainder when ((-48)/10)/(15/(-3650)) is divided by 5?
3
Let v = 7 - 3. Suppose 2*f + 2 = -v, 3*f - 46 = -g. Calculate the remainder when g is divided by 33 + (0 + -1 - 3).
26
Let d = -343 - -393. What is the remainder when 141 is divided by d?
41
Let t(h) be the first derivative of h**3/3 - 4*h**2 - 9*h + 2. Let c be t(9). Suppose c*z = -z + 5. Calculate the remainder when 19 is divided by z.
4
What is the remainder when 115 is divided by ((-150)/35)/(36/(-336))?
35
Suppose y - 38 = h, 5*y + 2*h + h = 190. Suppose -35*j = -31*j - 452. What is the remainder when j is divided by y?
37
Let r(g) = g**3 - 6*g**2 + g + 26. What is the remainder when r(6) is divided by 11?
10
Let b(t) = t**3 - 4*t**2 + 7*t - 7. Let x(f) = -11*f**2 - 110*f + 14. Calculate the remainder when b(5) is divided by x(-10).
11
Let p(r) = 6*r + 1. Let q(g) = -11*g - 2. Let c(i) = -7*p(i) - 4*q(i). What is the remainder when 63 is divided by c(5)?
8
Let r(n) = -16*n + 6. Let j be (0 + -4)/2 - 2. Let q(a) = a + 1. Let k(b) = j*q(b) + r(b). What is the remainder when k(-2) is divided by 11?
9
Suppose 102 = 159*s - 153*s. Calculate the remainder when 45 is divided by s.
11
Let w(x) = -x**2 + 10*x + 1. Suppose 8 = i + 2. What is the remainder when w(i) is divided by (-15)/(-2)*153/5865*46?
7
Let u = -15 - -22. Suppose 3*n - h = 40, 2*h = n + u*h + 8. Let d = -875 + 878. What is the remainder when n is divided by d?
0
Suppose -16*m + 11*m = -195. Suppose 3*w + a - 15 = 2*w, 3*w + 5*a = m. What is the remainder when 71 is divided by w?
17
Let z(j) = 3*j - 25. Let g(t) = -2*t + 12. Let a(k) = 5*g(k) + 3*z(k). Let b be a(-10). What is the remainder when 20/6*(-78)/b is divided by 18?
16
Suppose 0 = -o - 3*o + 32. Let x(v) = 8*v + 4 - v**2 - 3*v + 4*v. What is the remainder when 81 is divided by x(o)?
9
Let r = -45 + -12. Let l = 297 - 197. Let h = r + l. What is the remainder when h is divided by 15?
13
Suppose -4*x - 5*o = -123, -2*x + 4*x + 2*o = 60. Suppose 0 = 3*r - 3, -f + 2*r = 3*f - 58. Calculate the remainder when x is divided by f.
12
Let q = -36 + 27. Let l = q + 18. What is the remainder when 33 is divided by l?
6
Suppose 2*f + 3*u = 13, -f - 1 - 3 = -2*u. Suppose 4*y - 30 = -f. Let o = -2 + y. Calculate the remainder when 14 is divided by o.
4
Let d(b) = -b**3 + 6*b**2 - 5*b - 1. Let h = -34 + -6. Let x = 80 + h. What is the remainder when x is divided by d(4)?
7
Suppose -3*d - 695 = -1688. What is the remainder when d is divided by 69?
55
Let r(i) = i**3 - 3*i**2 - 4*i + 5. Suppose 3*c + 10 = 2*j, -7 = 4*j + c - 41. Let z be 4/j - 14/(-4). What is the remainder when r(z) is divided by 2?
1
Suppose 1241 + 399 = 20*y. What is the remainder when y is divided by 29?
24
Suppose -114 = 9*b - 28*b. Calculate the remainder when 53 is divided by b.
5
Let c = -51 - -71. Calculate the remainder when ((-22)/(-11))/(1/38) is divided by c.
16
Let n = 2277 + -934. Calculate the remainder when n is divided by 8.
7
Suppose -4*l = -3*r + 9 + 74, -4*r + 104 = -4*l. Suppose -48 = -7*b + 5*b. Let s = -13 + b. Calculate the remainder when r is divided by s.
10
Let y = -20 - -13. Suppose 5*j = 2*j + 51. Let h = j - y. What is the remainder when 95 is divided by h?
23
Let p(r) = r**2 + r - 8. Let c(h) = -2*h + 4. Let n be c(2). Suppose n = -5*z - 3*l + 488, z + l = 45 + 51. What is the remainder when z is divided by p(6)?
32
Let f = 253 + -169. Calculate the remainder when f is divided by 8.
4
Suppose -5*f + 5*l + 90 = 0, -3*f + 5*l = -2*f - 18. Calculate the remainder when 123 is divided by f.
15
Let h = 312 + -164. Calculate the remainder when h is divided by 17.
12
Suppose -154 = -9*o + 179. Calculate the remainder when 138 is divided by o.
27
Let j = 6 + -5. Let d be j - 2 - (-2 - 78). Suppose 4*v - l = 185, -v - 5*l = -3*v + d. What is the remainder when v is divided by 24?
23
Let b be (-9 + -1)*2/(-4) + -1. Suppose 2*s = -6, -i = 4*i + 2*s - b. Calculate the remainder when 6 is divided by i.
0
What is the remainder when ((-7)/(84/570))/((-1)/2) is divided by 2/6*297/3?
29
What is the remainder when (-15)/(-15)*(6 + 233) is divided by 40?
39
Suppose 8*k - 4*k + 16 = 0. What is the remainder when 130 is divided by 87/4 + (-1)/k?
20
What is the remainder when 31 is divided by (5 + 14)/1 + -4?
1
Suppose -3*h - 53 = -161. Calculate the remainder when h is divided by 25.
11
Let k = 40 - 41. Let h(m) = 10*m**2 - 2*m + 4. Calculate the remainder when h(3) is divided by (-268)/(-18) + k/(-9).
13
Let l(k) = -k**3 + 16*k**2 - 21*k - 33. What is the remainder when l(14) is divided by 11?
10
Calculate the remainder when -5*(3 + -38 + 6) is divided by 39.
28
Let h(t) = -5*t**2 - 267*t - 17. What is the remainder when h(-53) is divided by 44?
1
Let l(c) = 3*c**3 - 12*c**2 + 5*c + 9. Calculate the remainder when 371 is divided by l(4).
23
Let v(b) be the first derivative of -b**2/2 - 22*b + 8. Let i be v(-21). Calculate the remainder when (-10)/10 + 39 + i is divided by 20.
17
Let t(n) = -2*n**3 - 5*n**2 - 2*n - 16. Let k be 60/(-9) - -2 - 1/3. What is the remainder when t(k) is divided by 31?
26
Suppose 5*i = -4*y + 475, 2*i = 4*y - i - 451. What is the remainder when y is divided by 15?
10
Let n(i) = 2*i**3 - 17*i**2 + 10*i + 3. Suppose 3*g + 3*x = -23 - 4, -3*x = -5*g - 85. Calculate the remainder when n(8) is divided by (2 - g/4)*2.
8
Let b = -19 + 57. Calculate the remainder when (6 - 9 - -158) + -4 is divided by b.
37
Suppose 0 = 5*w + 5 - 30. Suppose 15*v = 18*v - 639. Let p = v + -208. What is the remainder when w is divided by p?
0
Let p(s) = -2*s + 22. Let d be p(0). Suppose d + 8 = c. Calculate the remainder when c is divided by 11.
8
Suppose -2*c = -4*s - 2712, 2*c + 0*c = -5*s + 2730. Suppose c = 4*f - 6*f. Calculate the remainder when (-9)/6*f/15 is divided by 35.
33
Let w = 1550 - 1515. Calculate the remainder when 244 is divided by w.
34
Let b(x) = -13*x + 8. Let i be b(-3). Let t = -32 + i. What is the remainder when 29 is divided by t?
14
What is the remainder when 15 is divided by (-2)/(-12) + (-68)/(-72)*3?
0
Suppose 8*z + 327 = 3*j + 12*z, 5*j + 5*z - 545 = 0. What is the remainder when j is divided by 59?
50
Suppose -2*l + f = 5*f - 16, -3*l + 36 = 3*f. Calculate the remainder when 395 is divided by l.
11
Suppose 257*o = 269*o - 216. Calculate the remainder when (90/(-12))/(6/(-56)) is divided by o.
16
Calculate the remainder when (2 + 113)/(10/(-9